f - 32 = -3*t. Determine s(t).
3
Let x(r) = 4*r**2 + 2*r - 2. Suppose -4*p + 40 = 20. Suppose -b - 2*n = -3*b + 6, -p*b = 4*n + 3. Determine x(b).
4
Let i(a) = -a**2 + 6*a + 3. Suppose 0 = -4*m - o + 12, -m + 2 = o - 4. Suppose -10 - m = -4*y. Let q(n) = n**2 - n. Let h be q(y). Calculate i(h).
3
Let m(g) = g + 12. Let n(y) = y**2 + 62*y - 331. Let h be n(-67). What is m(h)?
16
Suppose -n - 3*z = 7, -4*z + 6 + 1 = -n. Suppose 0 = 3*k, 0*u + 2*k = -5*u + 10. Let x(d) = -2*d**2 + 4*d + 10 + d**3 - d - 3*d**u + 12*d**2. What is x(n)?
-11
Let h = -36 - -63. Let b(a) = -h*a + 25*a + 24*a**2 - 25*a**2. Give b(-3).
-3
Let j(m) be the first derivative of m**4/4 + 11*m**3/3 - 16*m**2 - m - 14766. Calculate j(-13).
77
Let i(r) be the first derivative of -r**6/120 - r**5/15 + r**4/4 + 4*r**3/3 - 14*r**2 - r + 259. Let s(q) be the second derivative of i(q). Give s(-5).
3
Let i(u) be the third derivative of u**4/8 - u**3/6 + 5*u**2. Let w = -9965 + 9960. Calculate i(w).
-16
Let w(i) be the third derivative of i**7/2520 - i**5/10 + 7*i**2 - 2. Let l(a) be the third derivative of w(a). What is l(6)?
12
Let j(k) = k**3 - k - 5. Let v(i) = i**3 - i - 6. Let n be 35/11 - -2 - 2/11. Let t(c) = n*v(c) - 6*j(c). Give t(2).
-6
Let w = -1 + 2. Suppose -13 + w = -2*b. Let h(k) be the second derivative of k**4/12 - k**3/2 - 7*k**2/2 + 161463*k. Calculate h(b).
11
Let q(k) = 14*k**2 + k + 10. Let f(r) = 11*r**2 + 7. Let p(c) = -5*f(c) + 4*q(c). Determine p(-3).
2
Let v be (2/7)/(4/56). Suppose v*z + 27 = 13*z. Let d(x) = x**3 - x**2 - 3*x + 3. Calculate d(z).
12
Let s(o) = o**2 + 12*o + 10. Let g be s(-11). Let k be (-5 + 2 - g) + -5. Let h(c) = c - 81 - 40 + 129. What is h(k)?
1
Let u be 760/(-4)*(-4)/8. Let h(t) = -t - 100 + 2*t - 5*t + u. Determine h(-5).
15
Let z(a) be the first derivative of -13*a**2/2 + a + 1051. Determine z(4).
-51
Let p(v) be the third derivative of -1/60*v**6 + 0*v + 1/12*v**4 + 1/6*v**3 - 2 + 1/30*v**5 - 10*v**2. Give p(-1).
3
Let l(n) be the first derivative of n**4 - n**2 + 2*n + 6522. Calculate l(0).
2
Let w(m) = m**3 - 14*m**2 - m + 13. Let s = -190 - -192. Suppose -7*j + 4*r + 82 = -2*j, 0 = -j - 4*r + s. What is w(j)?
-1
Suppose 150 = -2*u + 2*v, 2*u - 36*v = -39*v - 160. Let a(i) = -3*i + 24. Let s be a(-18). Let l = s + u. Let d(j) = -24*j + 1. Determine d(l).
-23
Let g(m) = -m**3 - 5*m**2 - 5*m. Let h(v) = 2*v**3 + 6*v**2 + 8*v + 1. Let j(y) = 3*g(y) + 2*h(y). What is j(3)?
5
Let i(d) = 2*d - 5. Let g be (2 + 58 + -2)*-1. Let z be (g - -59)/(2/(-12)). What is i(z)?
-17
Let l(t) = t**3 + 15*t**2 + 8*t + 10. Let q = 8390 + -8404. Calculate l(q).
94
Suppose 0 = -i + 5*w - 1, 5*w = -4*i - 63 + 34. Let h(m) = -24*m - 139. Determine h(i).
5
Suppose 9 - 58 = -l. Let g = l + -55. Let w(a) = -a**2 + 0*a**2 + 0*a**2 - 8*a - 2 + 3*a. Calculate w(g).
-8
Let l = -162 - -179. Let v(o) = 5*o + 7 - l*o + 10*o. Calculate v(-7).
21
Let q(b) = -b**2 + 11*b. Let u be 1062/126 - (-4)/7. Suppose u*r - 55 = 44. Give q(r).
0
Let u(n) be the third derivative of -1/24*n**4 + 1/60*n**5 + 2*n + 0 - 2/3*n**3 + 25*n**2. Give u(3).
2
Let w = -8 + 4. Suppose -5*f = 7*f - 444. Let p(g) = f + g**3 - 76 + 35 + 4*g**2 + 0*g - 5*g. What is p(w)?
16
Let g be (28 + -21)*(11 - (-3 + 10)). Let t(c) = -7*c + 220. Give t(g).
24
Let z(k) = 8*k - 11. Let b(d) = 4*d + 110. Let r be b(-27). Calculate z(r).
5
Let q be 0/(3*3/((-27)/(-6))). Suppose 3*c + 2*t - 10 = q, c - 5 = -3*t + 3. Let s(w) = -2 + 8 - 35*w**c + 40*w**2 + w**3 + 7*w. Give s(-4).
-6
Let c(m) = 9*m**2 + 9*m + 22. Let k(b) = -380*b + 385*b - 2*b**2 + 7*b**2 + 12. Let a(t) = 6*c(t) - 11*k(t). Calculate a(-2).
-2
Let f(o) = 4*o**2 - 17*o + 3. Let b be (-2 + 6/1)*2/4. Let a(j) = -3 + j**b - 2 - 4*j + 6. Let z(k) = -9*a(k) + 2*f(k). What is z(2)?
-3
Let d(x) = 3*x**2 + x - 2. Let b be d(-2). Let o(m) = 7*m**2 + 11*m + 261. Let h(k) = 20*k**2 + 30*k + 741. Let u(l) = -6*h(l) + 17*o(l). What is u(b)?
-17
Let v(p) = -p**2 + 8*p - 1. Let r be (3 + -2)/(5/(3 + 22)). Suppose -r*i - 24*i = -261. Give v(i).
-10
Let s(n) = n**3 + 4*n**2 - 12*n + 2. Let z be s(-6). Let b(x) = x**3 - 13 + 28*x**z - 90*x**2 + 30*x**2 + 22*x**2 + 11*x. What is b(9)?
5
Let p(t) = t**2 - 12*t - 20. Let w = -3 + 16. Let x be p(w). Let k(g) be the first derivative of g**2/2 + 16*g - 7. Give k(x).
9
Let r(j) = -13*j - 20*j - 1 + 52*j - 20*j - 2. Suppose 30 = 5*c + 3*v, -c + 4*c + 16 = 5*v. Suppose 5*z + x = -27, 0*x - c = z - x. Calculate r(z).
2
Let f(k) = -2*k**2 + 15*k - 3. Suppose -39*o + 396 = 27*o. Give f(o).
15
Let k(w) = w**2 - 4*w + 1. Let r be (104/65)/(1*2/10). Suppose -r*n - 15 = -11*n. Give k(n).
6
Let q(z) = 24*z. Let o be -1 + 12 + 16/(20/70*-7). Determine q(o).
72
Let a = 68 - 63. Suppose -4*i + 14 = -6*h + 3*h, 20 = a*h + 2*i. Let q(r) = -2 - 5*r**h + 1 + 0 - r**3 - 4*r. Calculate q(-3).
-7
Let r be (-3 + 42/30)*5/(-2). Suppose -13 = c + 5*x, -c = -r*x - 8 - 6. Let h(b) = c*b - 2 + 0 - 1 - 3*b. What is h(3)?
-6
Let v(k) be the first derivative of -16 + 2*k**2 - 42*k + 1/20*k**5 - 1/2*k**4 - 5/3*k**3. Let q(a) be the first derivative of v(a). What is q(7)?
-17
Let l be (-57951)/(-8319) - (-4)/118. Let h(b) = 31*b - 205. Determine h(l).
12
Let a be 12*(-2 - (-14)/8)*2. Let f(s) = -2*s - 6. Let i(h) = 4*h + 10. Let c(b) = 5*f(b) + 3*i(b). What is c(a)?
-12
Let r(z) be the third derivative of 0*z + 1/6*z**3 + 0 - 1/3*z**4 - 75*z**2. What is r(5)?
-39
Let b(l) = 6 - l**3 - 18089*l + 18090*l - 16 - l**2. Give b(0).
-10
Suppose -h = 2*w, w - 33 = -4*h - 12. Let v(d) = d**3 - 5*d**2 - 9*d + 24. Determine v(h).
6
Let c(a) = -4*a**2 + 7*a + 1. Let m = 36516 + -36515. Calculate c(m).
4
Let j(x) = -5*x**3 + x**2 + 2*x + 1. Suppose 10*l = 14*l + 64. Let g be l/24 - (-1)/(-3). Let d be j(g). Let r(f) = f**3 - 4*f**2 - 3*f - 6. Calculate r(d).
4
Let h(b) = b**2 - 6*b - 10. Let s(q) = 1. Let x(i) = h(i) + 6*s(i). Let u = -50 - -55. Suppose -u*m - 25 = -5*n, 2*n - m - 20 = -4*m. Determine x(n).
3
Let w(i) = -i - 5. Let k(d) = -d - 6. Let j(u) = 2*u**2 - 3*u + 3. Let c be j(2). Let p(b) = c*k(b) - 6*w(b). Let s = -22 - -21. What is p(s)?
-1
Let f(y) = -3*y**2 - y - 2*y**2 - 1 + 6*y**2. Let q(o) = 481*o - 3364. Let t be q(7). Calculate f(t).
5
Suppose -2*d - o = 73, 45*d + 2*o - 150 = 49*d. Let w(c) = -c**3 - 36*c**2 + 38*c + 30. Determine w(d).
-7
Let y(u) = -16*u - 15. Suppose -74*n + 70*n - 2*g - 4 = 0, -5*n = 3*g + 4. Determine y(n).
17
Let q(g) = -2*g + 7. Let v = 238 - 230. Suppose -3*t - 5*u + 25 = 0, -3*t + 5*u = -v*t + 35. Determine q(t).
-3
Let f = -809 - -506. Let z be (30/4)/(f/202). Let y(b) = -b**3 - 3*b**2 + 8*b + 4. Calculate y(z).
14
Let m(x) be the first derivative of -6*x**4 + x**3/3 + x**2/2 + x + 850. Suppose 8*n - 3*n + 20 = -3*j, 5*n - 2*j - 5 = 0. What is m(n)?
25
Let m = -1489 + 1486. Let c(d) = -d + 1. Let n(z) = 7*z - 10. Let r(o) = -18*c(o) - 2*n(o). Determine r(m).
-10
Let j(q) = 390*q**2 - 5*q - 777*q**2 + 384*q**2 + 8. Give j(-5).
-42
Suppose -2*m + 10 = 0, 3*i + 651 + 469 = -4*m. Let d = i - -383. Let j(y) = -y - 2. Calculate j(d).
-5
Suppose -35*x - 3*v = -32*x + 84, v - 30 = x. Let h(w) = -w - 25. Give h(x).
4
Suppose 4*k - 7*k = -18. Suppose 12*i - k = 9*i. Suppose -5*d + 14 = -0*s + 4*s, s - 5 = -i*d. Let h(y) = 2*y**2 + y. Determine h(s).
3
Let w(f) = 3*f**3 - 5*f**2 - f + 13. Suppose 677 - 661 = 4*y. Calculate w(y).
121
Let y be (-10 - -10)*2/2. Suppose -4*n + 0*n + 5*q + 2271 = 0, -5*n - 2*q + 2814 = y. Let z(j) = -559 - j**2 + n + 2*j + 2*j**2. Determine z(-4).
13
Let j(g) = -3*g**3 - 4*g**2 - g + 2. Let y be 8 - (-5 + (0 - -9)). Suppose -y*c = 10 - 2. Determine j(c).
12
Let v(u) be the first derivative of -u**5/20 - 2*u**4/3 - u**3/6 - 5*u**2 - 46*u + 55. Let n(o) be the first derivative of v(o). Let b = -18 - -10. Give n(b).
-2
Suppose 8*d + 378 = -246. Let u = d - -111. Suppose 4*k - h = -2*h - 39, -3*k - u = -3*h. Let p(t) = t**2 + 9*t - 7. Give p(k).
3
Let g(y) = y**3 - 5*y + 5. Suppose -4*n - 3*p + 18 = 21, 5 = -p. Determine g(n).
17
Let g(n) = 2*n**3 - 5*n**2 + n - 5. Let h(j) = 8*j**2 - j + 5*j**3 - 20*j**2 - 170 + 3*j + 160. Let c(i) = -7*g(i) + 3*h(i). Calculate c(0).
5
Let q(z) = 2*z**2 + 7*z + 8. Let p(w) = 2*w**2 + 7*w + 10. Let g(i) = 7*i + 86. Let v be g(-13). Let x(j) = v*q(j) + 4*p(j). Give x(-